. What is a(d)?
-4
Let a(f) = -5*f + 2. Let p be (-14)/(-42)*(0 + 33). Suppose -i - 2*w = -3*i - 14, 3*i - w = -p. What is a(i)?
12
Let x(r) = -17*r + 1. Let k = 92 - 93. Give x(k).
18
Suppose 0 = p + 3*p. Let i(j) = 3*j - 2 - 3*j**3 + p*j**2 + j**3 - 4*j**2 + 4*j**3. Calculate i(2).
4
Let v(r) = 5*r**2 - 4*r - 9. Let x(c) = 6*c**2 - 4*c - 10. Let t(p) = -7*v(p) + 6*x(p). What is t(-3)?
0
Suppose 2*m = 2*k + k + 26, 2*m = -3*k + 2. Let t(c) = -4*c**2 + 6*c**2 - 3*c**2 - 7 - m*c. What is t(-6)?
-1
Let w(b) = 2*b**3 - b**2 + b + 1. Let k(q) = -2*q**2 + 2*q + 1. Let h(s) = k(s) - 2*w(s). Let t(j) = j + 5. Let r be t(-4). Give h(r).
-5
Suppose 2*p = -4*m - 0*m + 24, 18 = 2*p + 2*m. Let q(y) = 2*y**2 - 9*y + 5. Give q(p).
23
Let v(n) = -3*n - n**2 - 2 - 3 + 6*n + n. Determine v(4).
-5
Let z be 1 - 0/((-3)/(-3)). Let w = 1 + z. Suppose 4 - 2 = w*c. Let d(u) = -4*u - 1. Determine d(c).
-5
Let l(d) be the third derivative of -d**5/60 - d**4/8 + 7*d**3/6 - 4*d**2. Determine l(-6).
-11
Let a(b) = 57*b**3 + 0 + 8*b**2 - 58*b**3 - 1. Calculate a(8).
-1
Suppose -k = -0*k - 3. Let d(p) = 5*p**2 - 2*p**2 - 4 - 2*p**k + p**3. Determine d(3).
-4
Let i(y) = 1. Let q(z) = z**3 - 5*z**2 + 5*z - 9. Let p(h) = 3*i(h) + q(h). Let c(f) = -f**3 - f**2 + f + 2. Let k = 4 + -6. Let s be c(k). Determine p(s).
-2
Let l(x) = -x**2 + 2*x - 3. Let q be 2 + 10/(2 + 3). Give l(q).
-11
Let b(p) = 3*p - 6. Let c = 7 - 9. Let m = 3 - c. Determine b(m).
9
Let x(n) be the third derivative of n**5/60 - n**4/8 - n**3/3 + 3*n**2. Suppose -2 = -y + 6. Suppose d = -2*h - h + y, 2*h - d - 12 = 0. Give x(h).
2
Let g = 60 + -63. Let m(z) be the third derivative of -z**5/30 - 5*z**4/24 - 2*z**3/3 - 2*z**2. What is m(g)?
-7
Suppose 4*l = -3 + 11. Suppose -4*h + l = -0*h + t, h - 2 = -t. Suppose h*i + 6 = 2*i. Let u(g) = g**2 - 4*g + 2. What is u(i)?
-1
Suppose 0 = 3*c - 15 - 12. Let i(l) = -11*l - 9. Let w(n) = 3*n + 2. Let j(s) = c*w(s) + 2*i(s). Give j(-1).
-5
Let b be 4/2*5/2. Let j(z) = -z**2 - 8*z + 5. Let m(t) be the second derivative of t**4/12 + t**3/6 + t**2/2 + 5*t. Let q(x) = -j(x) - 2*m(x). What is q(b)?
-2
Let n(y) = -11*y. Let f(i) = -5*i. Let r(m) = -13*f(m) + 6*n(m). Suppose h + 2 = 4*g, -g + 4*h - 10 = -3. Calculate r(g).
-1
Let p(t) be the second derivative of -t**5/5 + t**4/6 + t**3/6 - t. Let y be p(-1). Suppose -3*c - 3*x + 2*x - 2 = 0, y*c + 14 = x. Let i(f) = -f. Give i(c).
2
Let o(n) = -n**2 - 4*n + 1. Let c(j) = -3*j**2 - 9*j + 2. Let h be 3 + -13 + 0/(-1). Let x(u) = h*o(u) + 4*c(u). Determine x(2).
-2
Let h(o) be the first derivative of o**3/3 - o**2 - 2*o - 39. Give h(-3).
13
Suppose 7*k + 4 = 46. Suppose -j + 4*c + 7 = 0, -2*j + k - 2 = 2*c. Let g(r) be the second derivative of -r**5/20 + r**4/3 - r**3/6 - r**2 + r. Calculate g(j).
4
Let l(y) be the first derivative of 3*y**2/2 - 5*y - 6. Give l(5).
10
Let j(x) = 20*x - x**3 - 2*x - 6*x + 4*x**2 - 7*x + 4. Calculate j(5).
4
Let c(l) = l**3 + 1 - 3*l**2 + 1 - 15*l**2 + 3*l + 22*l**2. What is c(-3)?
2
Let g(c) be the first derivative of -2*c**2 - c + 13. Determine g(1).
-5
Let a = 8 - 5. Suppose -o + a = 2*o. Let m(h) = -5*h + 2. Let p(t) = 3*t - 1. Let i(x) = 4*m(x) + 9*p(x). Give i(o).
6
Let u(g) be the first derivative of -g**4/4 + 8*g**3/3 - g**2/2 + 25. Calculate u(8).
-8
Let y(z) = 23*z**3 + 3*z**2 + 4*z + 1. Let b(p) = -46*p**3 - 5*p**2 - 7*p - 2. Let g(s) = 3*b(s) + 5*y(s). What is g(-1)?
23
Let x(j) = -1. Let t(i) = -2*i + 4. Let s = -2 - -1. Let v(o) = s*t(o) + 2*x(o). Let c be (-2 - 6/(-9))*-3. Determine v(c).
2
Let d(i) = i**2 + 9*i + 4. Let s be d(-7). Let j(k) = k**3 + 11*k**2 + 11*k + 4. Give j(s).
-6
Let h(j) be the first derivative of -j**4/4 - 2*j**3/3 + j**2 + j + 4. Determine h(-3).
4
Let p(b) = -5*b - 3. Suppose 0 = n + 3*n - 12. Let h(u) = 0*u + 3 + 4*u + 1. Let r(s) = n*h(s) + 4*p(s). Determine r(1).
-8
Let s be (-44)/(-8) + 6/4. Let o(i) = -5*i - 4*i + 2 + s*i. Determine o(2).
-2
Let l be 2/((-8)/(-20))*1. Let w(r) be the first derivative of -1/2*r**2 - 3 + l*r. Calculate w(4).
1
Suppose 2*v = 3*r - 0*r + 14, -5*v + 22 = -r. Let x(i) be the third derivative of -i**4/24 + i**3/2 + i**2 - 5*i. What is x(v)?
-1
Let g be (4/(-14))/((-6)/7). Let d(m) be the second derivative of -7/2*m**2 + 0 + m + g*m**3. What is d(5)?
3
Let u(w) = 8*w**3 + w**2 + w + 1. Let g = -9 - -15. Suppose -5*v - 5 - g = 4*o, -v - 3 = 0. Let k = 0 - o. Give u(k).
-7
Let i(a) = -a**3 + 3*a**2 - a. Let f be i(3). Let g = f - -8. Let p(l) = 3 + 1 + 4 + 2*l - g. What is p(4)?
11
Let t(f) = -f**2 - 3*f + 3. Suppose -2*p - 8 = -0. Let o = p - 0. What is t(o)?
-1
Let z(c) = c - 2. Let f be z(4). Suppose -u = 4, u + 16 = -f*d - d. Let l(b) = -2*b**2 - 5*b + 3. Calculate l(d).
-9
Let s(o) be the first derivative of -o**3/3 - 5*o**2/2 - 10. Give s(-5).
0
Let g(s) be the third derivative of 3*s**2 + 1/3*s**3 + 0 + 1/8*s**4 + 0*s. Let h = 4 - 7. What is g(h)?
-7
Let u(w) be the third derivative of -w**5/60 + w**4/4 + w**3/2 + 2*w**2. Let q(j) = 2*j**2 - 11*j - 6. Let i(h) = 4*q(h) + 7*u(h). Let g = 4 + -6. What is i(g)?
5
Let q = -6 + 9. Let l be -1 - 2 - (-3)/q. Let x(t) = t**3 + t**2 - t. Give x(l).
-2
Let x be -8*(7/(-2) - -3). Let o(l) = -3*l - 16. Let h(z) = z + 5. Let t(a) = x*o(a) + 14*h(a). Calculate t(-4).
-2
Suppose -200 = 3*l - 50. Let s = l - -30. Let d be 42/10 - (-4)/s. Let n(j) = j + 1. Calculate n(d).
5
Let n(c) = 2 + 1 - c**2 + 1. What is n(0)?
4
Let g(c) = -c**3 - 2*c**2 - 1. Let p be g(-2). Let h(n) be the first derivative of 4 - 3*n - 3 + 2*n + n**3. What is h(p)?
2
Let q = 20 - 14. Let t(x) = 1. Let l(j) = j - 3. Let y(p) = q*t(p) + 2*l(p). What is y(-2)?
-4
Suppose 5*v - 37 = 2*k, 32 = 2*k - 6*k - 4*v. Let t = 8 + k. Let y(w) = -w + 4. Let u(g) = g - 3. Let z(b) = 7*u(b) + 6*y(b). What is z(t)?
0
Let u(i) = 176*i**3 + 1 - 2 - 172*i**3. What is u(-1)?
-5
Let d(y) = -11*y**3 + 9*y + 5*y**3 + 7*y**3 - 9*y**2. What is d(8)?
8
Let m(t) = -93*t + 92*t - t**2 - 1 - t**2. What is m(-3)?
-16
Let v(s) be the second derivative of s**5/10 - s**4/12 - 14*s. Let c be (-3 + 2)*2/(-2). Calculate v(c).
1
Let i = -15 + 20. Let y(m) = -m**2 + 3*m - 5. What is y(i)?
-15
Let z(g) = -8*g + 3*g**2 + g**3 - 4 + 2*g + 0 + 0*g**3. Let p = 7 + -11. What is z(p)?
4
Let r(s) = 12 - s + 12 - 23 + 0*s. What is r(1)?
0
Let k(g) = 4*g**2 + g + 1. Let f = -3 + 2. What is k(f)?
4
Let b(x) = 7*x**3 - 8*x**2 - 4*x + 9. Let k be 1/4 - (-51)/(-12). Let m(u) = 3*u**3 - 4*u**2 - 2*u + 4. Let w(f) = k*b(f) + 9*m(f). What is w(-4)?
8
Let t = 1 - 2. Let l(f) = 12 - 3*f**2 - 8 - 2*f - 5. Determine l(t).
-2
Let a be (-2)/(-6) + (-5)/(-3). Let b(r) = 3*r**2 - 2*r**2 + 3*r - a*r. Calculate b(-1).
0
Suppose s - 10 + 3 = 0. Let a = -5 + s. Let i(m) be the third derivative of m**4/24 - m**3/6 - 19*m**2 + 3. Give i(a).
1
Let z(j) be the first derivative of 2*j - 3/2*j**2 + 1. Give z(3).
-7
Suppose -55*a = -50*a. Let h(y) = -y**2 - 16. Calculate h(a).
-16
Let k(n) = -n**3 - 2*n - 1 - 3*n**2 + 0*n**2 + 0*n**2. Let v be k(-3). Let y(h) = -2*h + 2*h - 4 + 2*h. Calculate y(v).
6
Let f = 21 + -21. Let i(p) be the second derivative of p**5/20 + p**4/12 + 5*p**2 - p. What is i(f)?
10
Suppose 12 + 53 = 5*r. Let h(x) = 6*x + r*x**2 - 2*x - 5*x. What is h(-1)?
14
Let z(s) be the second derivative of -s**6/360 - s**5/120 - s**4/12 - 5*s**3/6 - s. Let c(q) be the second derivative of z(q). Calculate c(-3).
-8
Let k(c) = -c**3 + c**2 + 2*c + 1. Let t be k(2). Let m(p) = 6*p + t - 7*p - 1 - 1. Let z be m(4). Let o(r) = r - 2. What is o(z)?
-7
Suppose 2*v - 2*x = -4*x + 4, 40 = 5*v - x. Let s = v + -3. Let y(r) = 2*r**2 - 5*r + 1. Determine y(s).
13
Suppose 0 = -t - 5 - 1. Let o(n) = n - 5. Let i = 5 - 6. Let s(c) = c. Let b(l) = i*o(l) + 2*s(l). Determine b(t).
-1
Let a(x) = x**2 + 8*x + 7. Let b(t) = t + 3. Let w be b(0). Suppose w*j + 22 = 4. Give a(j).
-5
Let j be (-4)/(-6)*9/(-1). Let o(h) = 21*h + 19*h + 18*h + 3 - 56*h + 4. Calculate o(j).
-5
Let d(p) = 5*p + 10. Let a(x) = -3*x - 5. Let j be (-76)/18 - 2/(-9). Let o(s) = j*d(s) - 7*a(s). What is o(0)?
-5
Let t(f) = -f**2 - 7*f + 2. Let n = -17 - -11. Calculate t(n).
8
Let b(u) = 4*u + 3. Let t(k) = -k - 2. Let p(z) = -b(z) - 3*t(z). Let s be 4/6 - (-14)/6. Let y be ((-9)/1)/(s/(-2)). What is p(y)?
-3
Suppose 4*w = -0